+ 243220. What is k(-252)?
-212
Let t(x) = 15314*x + 15329. Calculate t(-1).
15
Let d(o) = 359*o**2 + 81*o + 21. Give d(-1).
299
Let n(y) = -4158*y + 311767. Calculate n(75).
-83
Let w(h) = 29759*h - 148945. Determine w(5).
-150
Let l(v) = -v**3 - 80*v**2 - 67*v - 5347. Calculate l(-80).
13
Let p(v) = -6519*v + 71704. Give p(11).
-5
Let m(z) = 147206*z - 27. Calculate m(0).
-27
Let q(i) = 43*i**2 + 804*i - 76. Calculate q(-19).
171
Let x(u) = u**3 - 53*u**2 - 141*u + 943. Give x(55).
-762
Let x(y) = -5173*y + 672495. Give x(130).
5
Let l(k) = k**2 - 222*k - 81851. What is l(-196)?
77
Let o(r) = -6*r**3 + 6*r**2 + 153*r - 494. Determine o(3).
-143
Let c(b) = -2*b**2 - 64*b + 1583. Determine c(-59).
-1603
Let q(o) = 128458*o + 2440699. Calculate q(-19).
-3
Let m(z) = -535*z - 27806. Determine m(-51).
-521
Let b(q) = -817*q - 493. Calculate b(0).
-493
Let t(i) = -48*i**3 - 22*i**2 + 81*i - 17. Give t(3).
-1268
Let i(n) = 2*n**3 - 490*n**2 + 67*n - 16377. Give i(245).
38
Let j(t) = 74*t**3 + 60*t**2 - 12*t - 3. What is j(-1)?
-5
Let w(x) = -36*x**2 + 13750*x + 774. Determine w(382).
10
Let u(o) = 5*o**2 + 3181*o - 3175. Determine u(1).
11
Let l(a) = -2684*a - 703191. Determine l(-262).
17
Let p(r) = -10847*r - 85503. What is p(-8)?
1273
Let w(a) = 7*a**2 - 142*a - 1813. Give w(-11).
596
Let c(a) = -a**3 - 59*a**2 - 174*a - 828. What is c(-56)?
-492
Let r(n) = 5637*n + 6381. Determine r(-1).
744
Let s(z) = 11*z**3 + 154*z**2 + 124*z + 1740. What is s(-14)?
4
Let k(w) = -w**2 + 570*w - 43981. Give k(92).
-5
Let p(m) = -67282*m - 605542. What is p(-9)?
-4
Let y(t) = -32*t**2 - 328*t + 35. Determine y(-12).
-637
Let x(c) = -1396*c + 8206. Calculate x(6).
-170
Let t(k) = -18*k**2 + 1358*k + 49. Give t(75).
649
Let o(s) = -2*s**3 + 412*s**2 + 415*s - 344. Determine o(207).
-137
Let u(y) = 44*y**2 + 635*y - 27. Determine u(0).
-27
Let s(k) = 18*k**2 - 657*k - 1091. Calculate s(38).
-65
Let y(s) = -1852*s - 48164. Give y(-26).
-12
Let d(s) = -2*s**2 - 12097*s + 646771. Calculate d(53).
12
Let d(p) = 3202*p + 19263. Give d(-6).
51
Let k(q) = -7*q**3 - 97*q**2 - 803*q - 11441. Calculate k(-14).
-3
Let c(v) = -v**2 - 232*v - 1338. Determine c(-6).
18
Let a(f) = f**2 + 9342*f + 556940. Give a(-60).
20
Let s(c) = -3*c**3 + 144*c**2 + 231*c - 4360. Give s(49).
-244
Let m(f) = 7*f**3 + 109*f**2 - 161*f - 1802. Determine m(-16).
6
Let s(l) = -24*l**3 + 4*l**2 - 12*l - 109. What is s(-3)?
611
Let w(v) = -3137*v + 564664. Calculate w(180).
4
Let c(k) = -3*k**2 + 108*k + 10544. Give c(-44).
-16
Let w(o) = 9*o**2 - 120*o + 58. Calculate w(14).
142
Let r(c) = 408*c + 40348. What is r(-98)?
364
Let a(c) = -c**3 + 166*c**2 + 429*c - 97984. Give a(165).
26
Let o(c) = -14*c**2 - 9911*c + 20588. Calculate o(-710).
-2
Let z(f) = -4*f**2 - 2*f + 1941. Calculate z(-24).
-315
Let c(m) = -3*m**2 + 126*m + 12740. Determine c(89).
191
Let r(m) = -m**2 - 62*m + 37604. Give r(165).
149
Let q(j) = j**2 - 121*j + 2740. Give q(27).
202
Let t(u) = u**2 - 643*u + 98685. What is t(253)?
15
Let u(i) = 3*i**2 - 18*i + 84. Determine u(-6).
300
Let k(y) = -19714*y + 650806. Give k(33).
244
Let a(i) = -2*i**2 + 12493*i - 8480808. Determine a(775).
17
Let k(y) = -6*y**3 + 1607*y**2 + 266*y + 637. Calculate k(268).
101
Let i(k) = -3*k**3 + 26*k**2 - 174*k + 1280. Give i(8).
16
Let s(r) = -r**2 - 756*r - 25261. Determine s(-36).
659
Let n(f) = -1513*f - 17295. Give n(-11).
-652
Let b(h) = -14524*h + 1118355. What is b(77)?
7
Let r(k) = -5*k**2 - 414*k + 1025. Calculate r(-85).
90
Let b(z) = -33165*z + 497877. Calculate b(15).
402
Let r(f) = -f**3 + 35*f**2 - 212*f - 33. What is r(27)?
75
Let z(d) = 2*d**3 - 60*d**2 - 28*d + 2213. Give z(29).
-281
Let n(g) = -160*g**3 - 9*g**2 - 36*g - 43. What is n(-2)?
1273
Let k(v) = 6824*v - 41100. Calculate k(6).
-156
Let u(c) = -16*c**2 + 544*c + 1767. Calculate u(37).
-9
Let v(g) = g**2 - 178*g + 7828. Give v(79).
7
Let x(f) = -2554*f + 418850. What is x(164)?
-6
Let x(m) = 8*m**2 + 198*m + 1149. What is x(-11)?
-61
Let o(d) = 46*d**3 - 1441*d**2 + 469*d + 44. Calculate o(31).
168
Let l(c) = -c**3 - 343*c**2 - 23871*c - 2204. Determine l(-246).
10
Let h(d) = 12922*d + 426440. Give h(-33).
14
Let w(o) = 2*o**3 + 22*o**2 - 14*o + 1134. Determine w(-16).
-1202
Let m(f) = -1662*f - 161222. Determine m(-97).
-8
Let f(n) = -58111*n + 523230. Calculate f(9).
231
Let i(v) = 3379*v - 1895636. What is i(561)?
-17
Let h(p) = 21312*p - 42623. Give h(2).
1
Let v(u) = u**3 - 26*u**2 - 3036*u + 71417. Calculate v(23).
2
Let i(v) = -193151*v + 2510965. Give i(13).
2
Let k(b) = 262*b - 14112. Calculate k(53).
-226
Let m(j) = 244957*j + 244966. Give m(-1).
9
Let u(z) = -3*z**3 - 303*z**2 - 1438*z - 140. What is u(-96)?
-332
Let g(u) = -u**3 + 45*u**2 - 271*u + 68. Determine g(35).
2833
Let g(y) = -7*y**2 + 1095*y - 11355. What is g(11)?
-157
Let p(r) = -257331*r + 1543983. Determine p(6).
-3
Let j(t) = t**3 - 23*t**2 - 173*t + 86. What is j(29)?
115
Let s(g) = -2*g**3 + 5*g**2 + 5138*g - 20499. Determine s(4).
5
Let f(k) = -121*k - 63619. What is f(-518)?
-941
Let s(j) = -j**3 + 21*j**2 + 209*j - 4780. Determine s(24).
-1492
Let p(w) = 5036*w - 276766. Give p(55).
214
Let v(i) = 72*i + 3253. Give v(-45).
13
Let u(w) = -311*w + 80523. What is u(259)?
-26
Let h(y) = 74*y**2 + 1212*y + 6097. Determine h(-5).
1887
Let i(j) = -30265*j + 19641991. Give i(649).
6
Let g(w) = 106*w + 36. Calculate g(-3).
-282
Let l(q) = 1613*q + 46835. What is l(-28)?
1671
Let y(t) = t**3 + 12*t**2 - 25*t - 83. Give y(-13).
73
Let l(d) = 37*d**2 - 1560*d + 270. Calculate l(42).
18
Let k(y) = 36*y**2 - 837*y - 4786. Determine k(28).
2
Let d(n) = 7*n**3 + 72*n**2 - 324*n + 578. What is d(-14)?
18
Let l(d) = 10*d**2 - 431*d - 121809. Calculate l(134).
-3
Let z(h) = 336*h - 40331. What is z(120)?
-11
Let a(j) = 264789*j + 264785. Determine a(-1).
-4
Let k(s) = 42316*s + 169276. Calculate k(-4).
12
Let s(l) = 908*l**2 - 1719*l - 1727. Calculate s(-1).
900
Let a(v) = 379145*v + 1516585. Give a(-4).
5
Let m(k) = -5*k**3 - 536*k**2 + 474*k + 4532. Determine m(-108).
-4
Let m(w) = 268466*w - 1073850. Give m(4).
14
Let l(o) = 2*o**2 + 26715*o - 186977. What is l(7)?
126
Let h(i) = -15723*i + 15864520. Determine h(1009).
13
Let z(o) = -22180*o - 22184. Give z(-1).
-4
Let w(q) = 4*q**3 + 109*q**2 + 559*q - 2. What is w(-5)?
-572
Let a(h) = -4*h**2 + 490*h + 65014. Calculate a(-80).
214
Let i(q) = -364*q**2 - 2085. Calculate i(0).
-2085
Let v(o) = o**2 + 87690*o - 789289. Determine v(9).
2
Let p(y) = y**3 - 124*y**2 + 89*y + 4184. Calculate p(123).
2
Let m(k) = -1563*k + 2998. Give m(4).
-3254
Let k(x) = -x**2 - 5*x - 28. Calculate k(-6).
-34
Let x(q) = -q**3 - 61*q**2 - 4*q - 196. Calculate x(-61).
48
Let t(m) = 23*m**3 - m**2 - 24*m + 29. Give t(4).
1389
Let s(a) = -a**3 + 514*a**2 - 6994*a - 2789. What is s(500)?
211
Let y(b) = b**3 + 4*b**2 - 779*b - 7668. Determine y(-11).
54
Let c(l) = 804*l**3 + 9*l**2 - 36*l + 6. Give c(2).
6402
Let x(f) = 2*f**2 + 65215*f + 1694268. What is x(-26)?
30
Let r(d) = d**2 - 2603*d - 10434. Determine r(-4).
-6
Let r(x) = -12377*x - 680678. Give r(-55).
57
Let y(o) = -2*o**2 + 3739*o + 45158. Give y(-12).
2
Let b(s) = -944*s + 214290. Give b(227).
2
Let w(y) = -y**3 + 17*y**2 + 43*y - 128. Give w(-6).
442
Let k(p) = 273*p**2 + 57570*p - 6965. Determine k(-211).
-2
Let f(x) = 164*x**2 - 12*x + 51. Give f(-4).
2723
Let i(a) = 61747*a + 740934. Give i(-12).
-30
Let p(w) = -19*w**2 - 21*w + 604. What is p(5)?
24
Let u(n) = -1939*n**2 - 46527*n + 227. Give u(-24).
11
Let w(h) = 2422*h**2 - 9694*h + 5. What is w(4)?
-19
Let n(v) = -1171*v - 4950. Determine n(-6).
2076
Let a(r) = 2*r**2 - 91*r - 104093. Determine a(252).
-17
Let u(t) = t**3 + 24*t**2 + 85*t - 745. Give u(-13).
9
Let o(v) = -4*v**2 + 805*v - 3196. Determine o(4).
-40
Let y(v) = 6*v**2 - 2435*v + 19224. Give y(8).
128
Let g(i) = -1031*i - 79371. Determine g(-77).
16
Let r(c) = c**2 - 475*c + 35405. Give r(94).
-409
Let x(w) = w**2 + 367*w - 27607. Determine x(64).
-23
Let a(p) = 4859*p + 52265. Determine a(-11).
-1184
Let d(y) = -y**3 + 12*y**2 + 195*y + 7. What is d(0)?
7
Let k(d) = 4*d**3 + 756*d**2 + 5099*d + 388. Give k(-182).
-158
Let y(x) = 12*x**3 - 430*x**2 - 60*x - 228. Give y(36).
204
Let v(q) = 179*q - 